{"id":1784,"date":"2023-10-10T14:12:05","date_gmt":"2023-10-10T12:12:05","guid":{"rendered":"https:\/\/by-ann-graphiste-design.com\/?page_id=1784"},"modified":"2024-07-05T15:23:51","modified_gmt":"2024-07-05T13:23:51","slug":"contact-besoin-graphiste-nimes","status":"publish","type":"page","link":"https:\/\/by-ann-graphiste-design.com\/index.php\/contact-besoin-graphiste-nimes\/","title":{"rendered":"Contact"},"content":{"rendered":"\t\t<div data-elementor-type=\"wp-page\" data-elementor-id=\"1784\" class=\"elementor elementor-1784\" data-elementor-post-type=\"page\">\n\t\t\t\t\t\t<section class=\"elementor-section elementor-top-section elementor-element elementor-element-5964bf0 elementor-section-full_width elementor-section-stretched elementor-section-height-default elementor-section-height-default\" data-id=\"5964bf0\" data-element_type=\"section\" data-e-type=\"section\" data-settings=\"{&quot;stretch_section&quot;:&quot;section-stretched&quot;}\">\n\t\t\t\t\t\t<div class=\"elementor-container elementor-column-gap-default\">\n\t\t\t\t\t<div class=\"elementor-column elementor-col-33 elementor-top-column elementor-element elementor-element-c2e767b\" data-id=\"c2e767b\" data-element_type=\"column\" data-e-type=\"column\">\n\t\t\t<div class=\"elementor-widget-wrap elementor-element-populated\">\n\t\t\t\t\t\t<div class=\"elementor-element elementor-element-310301b elementor-hidden-tablet elementor-widget elementor-widget-image\" data-id=\"310301b\" data-element_type=\"widget\" data-e-type=\"widget\" data-widget_type=\"image.default\">\n\t\t\t\t\t\t\t\t\t\t\t\t\t\t\t<img fetchpriority=\"high\" decoding=\"async\" width=\"354\" height=\"263\" src=\"https:\/\/by-ann-graphiste-design.com\/wp-content\/uploads\/2023\/06\/FOND-ANN-PICOT.jpg\" class=\"attachment-large size-large wp-image-1694\" alt=\"\" srcset=\"https:\/\/by-ann-graphiste-design.com\/wp-content\/uploads\/2023\/06\/FOND-ANN-PICOT.jpg 354w, https:\/\/by-ann-graphiste-design.com\/wp-content\/uploads\/2023\/06\/FOND-ANN-PICOT-350x260.jpg 350w\" sizes=\"(max-width: 354px) 100vw, 354px\" \/>\t\t\t\t\t\t\t\t\t\t\t\t\t\t\t<\/div>\n\t\t\t\t\t<\/div>\n\t\t<\/div>\n\t\t\t\t<div class=\"elementor-column elementor-col-33 elementor-top-column elementor-element elementor-element-dfe8ce2\" data-id=\"dfe8ce2\" data-element_type=\"column\" data-e-type=\"column\">\n\t\t\t<div class=\"elementor-widget-wrap elementor-element-populated\">\n\t\t\t\t\t\t<div class=\"elementor-element elementor-element-97655dc elementor-button-align-end elementor-widget elementor-widget-form\" data-id=\"97655dc\" data-element_type=\"widget\" data-e-type=\"widget\" data-settings=\"{&quot;step_next_label&quot;:&quot;Suivant&quot;,&quot;step_previous_label&quot;:&quot;Pr\\u00e9c\\u00e9dent&quot;,&quot;button_width&quot;:&quot;100&quot;,&quot;step_type&quot;:&quot;number_text&quot;,&quot;step_icon_shape&quot;:&quot;circle&quot;}\" data-widget_type=\"form.default\">\n\t\t\t\t\t\t\t<form class=\"elementor-form\" method=\"post\" name=\"Nouveau formulaire\" aria-label=\"Nouveau formulaire\">\n\t\t\t<input type=\"hidden\" name=\"post_id\" value=\"1784\"\/>\n\t\t\t<input type=\"hidden\" name=\"form_id\" value=\"97655dc\"\/>\n\t\t\t<input type=\"hidden\" name=\"referer_title\" value=\"Contact - By Ann - Graphiste Designer\" \/>\n\n\t\t\t\t\t\t\t<input type=\"hidden\" name=\"queried_id\" value=\"1784\"\/>\n\t\t\t\n\t\t\t<div class=\"elementor-form-fields-wrapper elementor-labels-above\">\n\t\t\t\t\t\t\t\t<div class=\"elementor-field-type-text elementor-field-group elementor-column elementor-field-group-name elementor-col-100 elementor-field-required elementor-mark-required\">\n\t\t\t\t\t\t\t\t\t\t\t\t<label for=\"form-field-name\" class=\"elementor-field-label\">\n\t\t\t\t\t\t\t\tNom \/ Pr\u00e9nom\t\t\t\t\t\t\t<\/label>\n\t\t\t\t\t\t\t\t\t\t\t\t\t\t<input size=\"1\" type=\"text\" name=\"form_fields[name]\" id=\"form-field-name\" class=\"elementor-field elementor-size-md  elementor-field-textual\" placeholder=\"Nom \/ Pr\u00e9nom\" required=\"required\">\n\t\t\t\t\t\t\t\t\t\t\t<\/div>\n\t\t\t\t\t\t\t\t<div class=\"elementor-field-type-text elementor-field-group elementor-column elementor-field-group-field_39e3473 elementor-col-100\">\n\t\t\t\t\t\t\t\t\t\t\t\t<label for=\"form-field-field_39e3473\" class=\"elementor-field-label\">\n\t\t\t\t\t\t\t\tNom de votre entreprise\t\t\t\t\t\t\t<\/label>\n\t\t\t\t\t\t\t\t\t\t\t\t\t\t<input size=\"1\" type=\"text\" name=\"form_fields[field_39e3473]\" id=\"form-field-field_39e3473\" class=\"elementor-field elementor-size-md  elementor-field-textual\">\n\t\t\t\t\t\t\t\t\t\t\t<\/div>\n\t\t\t\t\t\t\t\t<div class=\"elementor-field-type-email elementor-field-group elementor-column elementor-field-group-email elementor-col-100 elementor-field-required elementor-mark-required\">\n\t\t\t\t\t\t\t\t\t\t\t\t<label for=\"form-field-email\" class=\"elementor-field-label\">\n\t\t\t\t\t\t\t\tE-mail\t\t\t\t\t\t\t<\/label>\n\t\t\t\t\t\t\t\t\t\t\t\t\t\t<input size=\"1\" type=\"email\" name=\"form_fields[email]\" id=\"form-field-email\" class=\"elementor-field elementor-size-md  elementor-field-textual\" placeholder=\"E-mail\" required=\"required\">\n\t\t\t\t\t\t\t\t\t\t\t<\/div>\n\t\t\t\t\t\t\t\t<div class=\"elementor-field-type-textarea elementor-field-group elementor-column elementor-field-group-message elementor-col-100 elementor-field-required elementor-mark-required\">\n\t\t\t\t\t\t\t\t\t\t\t\t<label for=\"form-field-message\" class=\"elementor-field-label\">\n\t\t\t\t\t\t\t\tMessage\t\t\t\t\t\t\t<\/label>\n\t\t\t\t\t\t<textarea class=\"elementor-field-textual elementor-field  elementor-size-md\" name=\"form_fields[message]\" id=\"form-field-message\" rows=\"4\" placeholder=\"Message\" required=\"required\"><\/textarea>\t\t\t\t<\/div>\n\t\t\t\t\t\t\t\t<div class=\"elementor-field-type-checkbox elementor-field-group elementor-column elementor-field-group-field_055b27a elementor-col-100\">\n\t\t\t\t\t\t\t\t\t\t\t\t<label for=\"form-field-field_055b27a\" class=\"elementor-field-label\">\n\t\t\t\t\t\t\t\tQuels sont les services qui vous int\u00e9rresse ?\t\t\t\t\t\t\t<\/label>\n\t\t\t\t\t\t<div class=\"elementor-field-subgroup  \"><span class=\"elementor-field-option\"><input type=\"checkbox\" value=\"Identit\u00e9 visuelle\" id=\"form-field-field_055b27a-0\" name=\"form_fields[field_055b27a][]\"> <label for=\"form-field-field_055b27a-0\">Identit\u00e9 visuelle<\/label><\/span><span class=\"elementor-field-option\"><input type=\"checkbox\" value=\"Logo\" id=\"form-field-field_055b27a-1\" name=\"form_fields[field_055b27a][]\"> <label for=\"form-field-field_055b27a-1\">Logo<\/label><\/span><span class=\"elementor-field-option\"><input type=\"checkbox\" value=\"Templates Instagram ou Facebook\" id=\"form-field-field_055b27a-2\" name=\"form_fields[field_055b27a][]\"> <label for=\"form-field-field_055b27a-2\">Templates Instagram ou Facebook<\/label><\/span><span class=\"elementor-field-option\"><input type=\"checkbox\" value=\"Illustration\" id=\"form-field-field_055b27a-3\" name=\"form_fields[field_055b27a][]\"> <label for=\"form-field-field_055b27a-3\">Illustration<\/label><\/span><span class=\"elementor-field-option\"><input type=\"checkbox\" value=\"Supports imprimables\" id=\"form-field-field_055b27a-4\" name=\"form_fields[field_055b27a][]\"> <label for=\"form-field-field_055b27a-4\">Supports imprimables<\/label><\/span><span class=\"elementor-field-option\"><input type=\"checkbox\" value=\"Design de site\" id=\"form-field-field_055b27a-5\" name=\"form_fields[field_055b27a][]\"> <label for=\"form-field-field_055b27a-5\">Design de site<\/label><\/span><span class=\"elementor-field-option\"><input type=\"checkbox\" value=\"Autres\" id=\"form-field-field_055b27a-6\" name=\"form_fields[field_055b27a][]\"> <label for=\"form-field-field_055b27a-6\">Autres<\/label><\/span><\/div>\t\t\t\t<\/div>\n\t\t\t\t\t\t\t\t<div class=\"elementor-field-type-text elementor-field-group elementor-column elementor-field-group-field_707f104 elementor-col-100\">\n\t\t\t\t\t\t\t\t\t\t\t\t<label for=\"form-field-field_707f104\" class=\"elementor-field-label\">\n\t\t\t\t\t\t\t\tSi vous avez coch\u00e9 la case autres, pourriez-vous pr\u00e9ciser ?\t\t\t\t\t\t\t<\/label>\n\t\t\t\t\t\t\t\t\t\t\t\t\t\t<input size=\"1\" type=\"text\" name=\"form_fields[field_707f104]\" id=\"form-field-field_707f104\" class=\"elementor-field elementor-size-md  elementor-field-textual\">\n\t\t\t\t\t\t\t\t\t\t\t<\/div>\n\t\t\t\t\t\t\t\t<div class=\"elementor-field-type-recaptcha elementor-field-group elementor-column elementor-field-group-field_c0744e0 elementor-col-100\">\n\t\t\t\t\t<div class=\"elementor-field\" id=\"form-field-field_c0744e0\"><div class=\"elementor-g-recaptcha\" data-sitekey=\"6LdCKQkqAAAAAGcfZ1BgjbjOpiLVANfC4PFIF-Pd\" data-type=\"v2_checkbox\" data-theme=\"light\" data-size=\"normal\"><\/div><\/div>\t\t\t\t<\/div>\n\t\t\t\t\t\t\t\t<div class=\"elementor-field-group elementor-column elementor-field-type-submit elementor-col-100 e-form__buttons\">\n\t\t\t\t\t<button class=\"elementor-button elementor-size-sm\" type=\"submit\">\n\t\t\t\t\t\t<span class=\"elementor-button-content-wrapper\">\n\t\t\t\t\t\t\t\t\t\t\t\t\t\t\t\t\t\t\t\t\t\t<span class=\"elementor-button-text\">Envoyer<\/span>\n\t\t\t\t\t\t\t\t\t\t\t\t\t<\/span>\n\t\t\t\t\t<\/button>\n\t\t\t\t<\/div>\n\t\t\t<\/div>\n\t\t<\/form>\n\t\t\t\t\t\t<\/div>\n\t\t\t\t\t<\/div>\n\t\t<\/div>\n\t\t\t\t<div class=\"elementor-column elementor-col-33 elementor-top-column elementor-element elementor-element-769ee41\" data-id=\"769ee41\" data-element_type=\"column\" data-e-type=\"column\">\n\t\t\t<div class=\"elementor-widget-wrap\">\n\t\t\t\t\t\t\t<\/div>\n\t\t<\/div>\n\t\t\t\t\t<\/div>\n\t\t<\/section>\n\t\t\t\t<\/div>\n\t\t","protected":false},"excerpt":{"rendered":"","protected":false},"author":1,"featured_media":0,"parent":0,"menu_order":0,"comment_status":"closed","ping_status":"closed","template":"","meta":{"ocean_post_layout":"","ocean_both_sidebars_style":"","ocean_both_sidebars_content_width":0,"ocean_both_sidebars_sidebars_width":0,"ocean_sidebar":"","ocean_second_sidebar":"","ocean_disable_margins":"enable","ocean_add_body_class":"","ocean_shortcode_before_top_bar":"","ocean_shortcode_after_top_bar":"","ocean_shortcode_before_header":"","ocean_shortcode_after_header":"","ocean_has_shortcode":"","ocean_shortcode_after_title":"","ocean_shortcode_before_footer_widgets":"","ocean_shortcode_after_footer_widgets":"","ocean_shortcode_before_footer_bottom":"","ocean_shortcode_after_footer_bottom":"","ocean_display_top_bar":"default","ocean_display_header":"default","ocean_header_style":"","ocean_center_header_left_menu":"","ocean_custom_header_template":"","ocean_custom_logo":0,"ocean_custom_retina_logo":0,"ocean_custom_logo_max_width":0,"ocean_custom_logo_tablet_max_width":0,"ocean_custom_logo_mobile_max_width":0,"ocean_custom_logo_max_height":0,"ocean_custom_logo_tablet_max_height":0,"ocean_custom_logo_mobile_max_height":0,"ocean_header_custom_menu":"","ocean_menu_typo_font_family":"","ocean_menu_typo_font_subset":"","ocean_menu_typo_font_size":0,"ocean_menu_typo_font_size_tablet":0,"ocean_menu_typo_font_size_mobile":0,"ocean_menu_typo_font_size_unit":"px","ocean_menu_typo_font_weight":"","ocean_menu_typo_font_weight_tablet":"","ocean_menu_typo_font_weight_mobile":"","ocean_menu_typo_transform":"","ocean_menu_typo_transform_tablet":"","ocean_menu_typo_transform_mobile":"","ocean_menu_typo_line_height":0,"ocean_menu_typo_line_height_tablet":0,"ocean_menu_typo_line_height_mobile":0,"ocean_menu_typo_line_height_unit":"","ocean_menu_typo_spacing":0,"ocean_menu_typo_spacing_tablet":0,"ocean_menu_typo_spacing_mobile":0,"ocean_menu_typo_spacing_unit":"","ocean_menu_link_color":"","ocean_menu_link_color_hover":"","ocean_menu_link_color_active":"","ocean_menu_link_background":"","ocean_menu_link_hover_background":"","ocean_menu_link_active_background":"","ocean_menu_social_links_bg":"","ocean_menu_social_hover_links_bg":"","ocean_menu_social_links_color":"","ocean_menu_social_hover_links_color":"","ocean_disable_title":"on","ocean_disable_heading":"default","ocean_post_title":"","ocean_post_subheading":"","ocean_post_title_style":"","ocean_post_title_background_color":"","ocean_post_title_background":0,"ocean_post_title_bg_image_position":"","ocean_post_title_bg_image_attachment":"","ocean_post_title_bg_image_repeat":"","ocean_post_title_bg_image_size":"","ocean_post_title_height":0,"ocean_post_title_bg_overlay":0.5,"ocean_post_title_bg_overlay_color":"","ocean_disable_breadcrumbs":"default","ocean_breadcrumbs_color":"","ocean_breadcrumbs_separator_color":"","ocean_breadcrumbs_links_color":"","ocean_breadcrumbs_links_hover_color":"","ocean_display_footer_widgets":"default","ocean_display_footer_bottom":"default","ocean_custom_footer_template":"","footnotes":""},"class_list":["post-1784","page","type-page","status-publish","hentry","entry"],"yoast_head":"<!-- This site is optimized with the Yoast SEO Premium plugin v21.0 (Yoast SEO v27.4) - https:\/\/yoast.com\/product\/yoast-seo-premium-wordpress\/ -->\n<title>Contact - By Ann - Graphiste Designer<\/title>\n<meta name=\"description\" content=\"Besoin d&#039;une graphiste autour de N\u00eemes ? Une cr\u00e9ative en communication visuelle pour vos supports imprimables et num\u00e9riques ? Logo, flyers...\" \/>\n<meta name=\"robots\" content=\"index, follow, max-snippet:-1, max-image-preview:large, max-video-preview:-1\" \/>\n<link rel=\"canonical\" href=\"https:\/\/by-ann-graphiste-design.com\/index.php\/contact-besoin-graphiste-nimes\/\" \/>\n<meta property=\"og:locale\" content=\"fr_FR\" \/>\n<meta property=\"og:type\" content=\"article\" \/>\n<meta property=\"og:title\" content=\"Contact\" \/>\n<meta property=\"og:description\" content=\"Besoin d&#039;une graphiste autour de N\u00eemes ? Une cr\u00e9ative en communication visuelle pour vos supports imprimables et num\u00e9riques ? Logo, flyers...\" \/>\n<meta property=\"og:url\" content=\"https:\/\/by-ann-graphiste-design.com\/index.php\/contact-besoin-graphiste-nimes\/\" \/>\n<meta property=\"og:site_name\" content=\"By Ann - Graphiste Designer\" \/>\n<meta property=\"article:publisher\" content=\"https:\/\/www.facebook.com\/by.ann.picot.graphiste.designer\/\" \/>\n<meta property=\"article:modified_time\" content=\"2024-07-05T13:23:51+00:00\" \/>\n<meta property=\"og:image\" content=\"https:\/\/by-ann-graphiste-design.com\/wp-content\/uploads\/2023\/06\/FOND-ANN-PICOT.jpg\" \/>\n<meta name=\"twitter:card\" content=\"summary_large_image\" \/>\n<meta name=\"twitter:label1\" content=\"Dur\u00e9e de lecture estim\u00e9e\" \/>\n\t<meta name=\"twitter:data1\" content=\"1 minute\" \/>\n<script type=\"application\/ld+json\" class=\"yoast-schema-graph\">{\"@context\":\"https:\\\/\\\/schema.org\",\"@graph\":[{\"@type\":[\"WebPage\",\"ContactPage\"],\"@id\":\"https:\\\/\\\/by-ann-graphiste-design.com\\\/index.php\\\/contact-besoin-graphiste-nimes\\\/\",\"url\":\"https:\\\/\\\/by-ann-graphiste-design.com\\\/index.php\\\/contact-besoin-graphiste-nimes\\\/\",\"name\":\"Contact - By Ann - Graphiste Designer\",\"isPartOf\":{\"@id\":\"https:\\\/\\\/by-ann-graphiste-design.com\\\/#website\"},\"primaryImageOfPage\":{\"@id\":\"https:\\\/\\\/by-ann-graphiste-design.com\\\/index.php\\\/contact-besoin-graphiste-nimes\\\/#primaryimage\"},\"image\":{\"@id\":\"https:\\\/\\\/by-ann-graphiste-design.com\\\/index.php\\\/contact-besoin-graphiste-nimes\\\/#primaryimage\"},\"thumbnailUrl\":\"https:\\\/\\\/by-ann-graphiste-design.com\\\/wp-content\\\/uploads\\\/2023\\\/06\\\/FOND-ANN-PICOT.jpg\",\"datePublished\":\"2023-10-10T12:12:05+00:00\",\"dateModified\":\"2024-07-05T13:23:51+00:00\",\"description\":\"Besoin d'une graphiste autour de N\u00eemes ? Une cr\u00e9ative en communication visuelle pour vos supports imprimables et num\u00e9riques ? Logo, flyers...\",\"breadcrumb\":{\"@id\":\"https:\\\/\\\/by-ann-graphiste-design.com\\\/index.php\\\/contact-besoin-graphiste-nimes\\\/#breadcrumb\"},\"inLanguage\":\"fr-FR\",\"potentialAction\":[{\"@type\":\"ReadAction\",\"target\":[\"https:\\\/\\\/by-ann-graphiste-design.com\\\/index.php\\\/contact-besoin-graphiste-nimes\\\/\"]}]},{\"@type\":\"ImageObject\",\"inLanguage\":\"fr-FR\",\"@id\":\"https:\\\/\\\/by-ann-graphiste-design.com\\\/index.php\\\/contact-besoin-graphiste-nimes\\\/#primaryimage\",\"url\":\"https:\\\/\\\/by-ann-graphiste-design.com\\\/wp-content\\\/uploads\\\/2023\\\/06\\\/FOND-ANN-PICOT.jpg\",\"contentUrl\":\"https:\\\/\\\/by-ann-graphiste-design.com\\\/wp-content\\\/uploads\\\/2023\\\/06\\\/FOND-ANN-PICOT.jpg\",\"width\":354,\"height\":263},{\"@type\":\"BreadcrumbList\",\"@id\":\"https:\\\/\\\/by-ann-graphiste-design.com\\\/index.php\\\/contact-besoin-graphiste-nimes\\\/#breadcrumb\",\"itemListElement\":[{\"@type\":\"ListItem\",\"position\":1,\"name\":\"Accueil\",\"item\":\"https:\\\/\\\/by-ann-graphiste-design.com\\\/\"},{\"@type\":\"ListItem\",\"position\":2,\"name\":\"Contact\"}]},{\"@type\":\"WebSite\",\"@id\":\"https:\\\/\\\/by-ann-graphiste-design.com\\\/#website\",\"url\":\"https:\\\/\\\/by-ann-graphiste-design.com\\\/\",\"name\":\"By Ann Graphiste Design\",\"description\":\"\",\"publisher\":{\"@id\":\"https:\\\/\\\/by-ann-graphiste-design.com\\\/#organization\"},\"alternateName\":\"By Ann\",\"potentialAction\":[{\"@type\":\"SearchAction\",\"target\":{\"@type\":\"EntryPoint\",\"urlTemplate\":\"https:\\\/\\\/by-ann-graphiste-design.com\\\/?s={search_term_string}\"},\"query-input\":{\"@type\":\"PropertyValueSpecification\",\"valueRequired\":true,\"valueName\":\"search_term_string\"}}],\"inLanguage\":\"fr-FR\"},{\"@type\":\"Organization\",\"@id\":\"https:\\\/\\\/by-ann-graphiste-design.com\\\/#organization\",\"name\":\"By Ann - Graphiste Designer\",\"url\":\"https:\\\/\\\/by-ann-graphiste-design.com\\\/\",\"logo\":{\"@type\":\"ImageObject\",\"inLanguage\":\"fr-FR\",\"@id\":\"https:\\\/\\\/by-ann-graphiste-design.com\\\/#\\\/schema\\\/logo\\\/image\\\/\",\"url\":\"https:\\\/\\\/by-ann-graphiste-design.com\\\/wp-content\\\/uploads\\\/2021\\\/05\\\/cropped-cropped-logo-By-Ann-graphiste-designer-01-01-1.png\",\"contentUrl\":\"https:\\\/\\\/by-ann-graphiste-design.com\\\/wp-content\\\/uploads\\\/2021\\\/05\\\/cropped-cropped-logo-By-Ann-graphiste-designer-01-01-1.png\",\"width\":2000,\"height\":1525,\"caption\":\"By Ann - Graphiste Designer\"},\"image\":{\"@id\":\"https:\\\/\\\/by-ann-graphiste-design.com\\\/#\\\/schema\\\/logo\\\/image\\\/\"},\"sameAs\":[\"https:\\\/\\\/www.facebook.com\\\/by.ann.picot.graphiste.designer\\\/\",\"https:\\\/\\\/www.instagram.com\\\/byanngraphistedesigner\\\/\",\"https:\\\/\\\/www.linkedin.com\\\/in\\\/ann-picot\\\/\"]}]}<\/script>\n<!-- \/ Yoast SEO Premium plugin. -->","yoast_head_json":{"title":"Contact - By Ann - Graphiste Designer","description":"Besoin d'une graphiste autour de N\u00eemes ? Une cr\u00e9ative en communication visuelle pour vos supports imprimables et num\u00e9riques ? Logo, flyers...","robots":{"index":"index","follow":"follow","max-snippet":"max-snippet:-1","max-image-preview":"max-image-preview:large","max-video-preview":"max-video-preview:-1"},"canonical":"https:\/\/by-ann-graphiste-design.com\/index.php\/contact-besoin-graphiste-nimes\/","og_locale":"fr_FR","og_type":"article","og_title":"Contact","og_description":"Besoin d'une graphiste autour de N\u00eemes ? Une cr\u00e9ative en communication visuelle pour vos supports imprimables et num\u00e9riques ? Logo, flyers...","og_url":"https:\/\/by-ann-graphiste-design.com\/index.php\/contact-besoin-graphiste-nimes\/","og_site_name":"By Ann - Graphiste Designer","article_publisher":"https:\/\/www.facebook.com\/by.ann.picot.graphiste.designer\/","article_modified_time":"2024-07-05T13:23:51+00:00","og_image":[{"url":"https:\/\/by-ann-graphiste-design.com\/wp-content\/uploads\/2023\/06\/FOND-ANN-PICOT.jpg","type":"","width":"","height":""}],"twitter_card":"summary_large_image","twitter_misc":{"Dur\u00e9e de lecture estim\u00e9e":"1 minute"},"schema":{"@context":"https:\/\/schema.org","@graph":[{"@type":["WebPage","ContactPage"],"@id":"https:\/\/by-ann-graphiste-design.com\/index.php\/contact-besoin-graphiste-nimes\/","url":"https:\/\/by-ann-graphiste-design.com\/index.php\/contact-besoin-graphiste-nimes\/","name":"Contact - By Ann - Graphiste Designer","isPartOf":{"@id":"https:\/\/by-ann-graphiste-design.com\/#website"},"primaryImageOfPage":{"@id":"https:\/\/by-ann-graphiste-design.com\/index.php\/contact-besoin-graphiste-nimes\/#primaryimage"},"image":{"@id":"https:\/\/by-ann-graphiste-design.com\/index.php\/contact-besoin-graphiste-nimes\/#primaryimage"},"thumbnailUrl":"https:\/\/by-ann-graphiste-design.com\/wp-content\/uploads\/2023\/06\/FOND-ANN-PICOT.jpg","datePublished":"2023-10-10T12:12:05+00:00","dateModified":"2024-07-05T13:23:51+00:00","description":"Besoin d'une graphiste autour de N\u00eemes ? Une cr\u00e9ative en communication visuelle pour vos supports imprimables et num\u00e9riques ? Logo, flyers...","breadcrumb":{"@id":"https:\/\/by-ann-graphiste-design.com\/index.php\/contact-besoin-graphiste-nimes\/#breadcrumb"},"inLanguage":"fr-FR","potentialAction":[{"@type":"ReadAction","target":["https:\/\/by-ann-graphiste-design.com\/index.php\/contact-besoin-graphiste-nimes\/"]}]},{"@type":"ImageObject","inLanguage":"fr-FR","@id":"https:\/\/by-ann-graphiste-design.com\/index.php\/contact-besoin-graphiste-nimes\/#primaryimage","url":"https:\/\/by-ann-graphiste-design.com\/wp-content\/uploads\/2023\/06\/FOND-ANN-PICOT.jpg","contentUrl":"https:\/\/by-ann-graphiste-design.com\/wp-content\/uploads\/2023\/06\/FOND-ANN-PICOT.jpg","width":354,"height":263},{"@type":"BreadcrumbList","@id":"https:\/\/by-ann-graphiste-design.com\/index.php\/contact-besoin-graphiste-nimes\/#breadcrumb","itemListElement":[{"@type":"ListItem","position":1,"name":"Accueil","item":"https:\/\/by-ann-graphiste-design.com\/"},{"@type":"ListItem","position":2,"name":"Contact"}]},{"@type":"WebSite","@id":"https:\/\/by-ann-graphiste-design.com\/#website","url":"https:\/\/by-ann-graphiste-design.com\/","name":"By Ann Graphiste Design","description":"","publisher":{"@id":"https:\/\/by-ann-graphiste-design.com\/#organization"},"alternateName":"By Ann","potentialAction":[{"@type":"SearchAction","target":{"@type":"EntryPoint","urlTemplate":"https:\/\/by-ann-graphiste-design.com\/?s={search_term_string}"},"query-input":{"@type":"PropertyValueSpecification","valueRequired":true,"valueName":"search_term_string"}}],"inLanguage":"fr-FR"},{"@type":"Organization","@id":"https:\/\/by-ann-graphiste-design.com\/#organization","name":"By Ann - Graphiste Designer","url":"https:\/\/by-ann-graphiste-design.com\/","logo":{"@type":"ImageObject","inLanguage":"fr-FR","@id":"https:\/\/by-ann-graphiste-design.com\/#\/schema\/logo\/image\/","url":"https:\/\/by-ann-graphiste-design.com\/wp-content\/uploads\/2021\/05\/cropped-cropped-logo-By-Ann-graphiste-designer-01-01-1.png","contentUrl":"https:\/\/by-ann-graphiste-design.com\/wp-content\/uploads\/2021\/05\/cropped-cropped-logo-By-Ann-graphiste-designer-01-01-1.png","width":2000,"height":1525,"caption":"By Ann - Graphiste Designer"},"image":{"@id":"https:\/\/by-ann-graphiste-design.com\/#\/schema\/logo\/image\/"},"sameAs":["https:\/\/www.facebook.com\/by.ann.picot.graphiste.designer\/","https:\/\/www.instagram.com\/byanngraphistedesigner\/","https:\/\/www.linkedin.com\/in\/ann-picot\/"]}]}},"_links":{"self":[{"href":"https:\/\/by-ann-graphiste-design.com\/index.php\/wp-json\/wp\/v2\/pages\/1784","targetHints":{"allow":["GET"]}}],"collection":[{"href":"https:\/\/by-ann-graphiste-design.com\/index.php\/wp-json\/wp\/v2\/pages"}],"about":[{"href":"https:\/\/by-ann-graphiste-design.com\/index.php\/wp-json\/wp\/v2\/types\/page"}],"author":[{"embeddable":true,"href":"https:\/\/by-ann-graphiste-design.com\/index.php\/wp-json\/wp\/v2\/users\/1"}],"replies":[{"embeddable":true,"href":"https:\/\/by-ann-graphiste-design.com\/index.php\/wp-json\/wp\/v2\/comments?post=1784"}],"version-history":[{"count":0,"href":"https:\/\/by-ann-graphiste-design.com\/index.php\/wp-json\/wp\/v2\/pages\/1784\/revisions"}],"wp:attachment":[{"href":"https:\/\/by-ann-graphiste-design.com\/index.php\/wp-json\/wp\/v2\/media?parent=1784"}],"curies":[{"name":"wp","href":"https:\/\/api.w.org\/{rel}","templated":true}]}}